 are the prime factors of m?
2, 3, 7
Let l = 101 - 47. What are the prime factors of l?
2, 3
Let t be (1 - 6/8)*4. Let o be (2 - 1)/(2/10). Let r = o - t. What are the prime factors of r?
2
Let p = -31 - -84. Let t = -29 + p. List the prime factors of t*2/12*4.
2
Suppose 4 = -0*z + z. List the prime factors of z.
2
Suppose 5*b - a + 15 - 128 = 0, b + 5*a - 33 = 0. Let k = b + -13. List the prime factors of k.
2, 5
Let j be (27/3)/(-3) + 3. Suppose k = -j*k + 18. List the prime factors of k.
2, 3
Let t(g) = g**2 - 13*g + 39. List the prime factors of t(14).
53
Let q(z) = -z**3 + 2*z**2 + 14*z - 12. List the prime factors of q(-7).
331
Let b = -4 + 7. Suppose 0*c = 4*c - 4*x + 4, -b*x + 31 = 4*c. Suppose 3*p - 24 = q, 2*q - c = -2*p + 4. What are the prime factors of p?
7
Let d = 64 + 33. List the prime factors of d.
97
Let y be 15/(-3 + 30/8). Suppose 5*h + y = 90. What are the prime factors of h?
2, 7
Let x(q) = 10*q**2 - 1. What are the prime factors of x(-2)?
3, 13
Let j(x) = x**3 - 8*x**2 - 5*x - 20. List the prime factors of j(10).
2, 5, 13
Suppose -2*m - 4*z + 30 = -0*m, 0 = 4*z. Suppose 5*y - m = 0, 3*y - 5*y + 9 = p. List the prime factors of p.
3
Let u = 30 - 11. List the prime factors of u.
19
Let d = 4 + 6. Let i be 2/(-5)*(-25)/d. What are the prime factors of (-38)/(-8) - i/(-4)?
5
Let n = 215 + 22. What are the prime factors of n?
3, 79
Let z(a) = 15*a**2 - 5*a + 8. What are the prime factors of z(2)?
2, 29
Suppose -4*z = 3*b + 1 - 29, 3*z = 2*b + 4. What are the prime factors of z?
2
Suppose 9*s - 266 = 130. What are the prime factors of s?
2, 11
Suppose 15 = -0*f + 3*f. Let s = f - -4. List the prime factors of s.
3
Let f be 1*(-5 - 2 - -2). Let y(m) be the first derivative of -m**3/3 - 5*m**2/2 + 3*m - 2. List the prime factors of y(f).
3
Let g(s) = 2 - 2 + 3*s + 2. What are the prime factors of g(4)?
2, 7
Let x(d) = 6*d - 10. Let u be x(10). What are the prime factors of 580/u*5/2?
29
Let t(i) = -9*i**3 + 3*i**2 + i - 2. Let p(r) = -26*r**3 + 8*r**2 + 2*r - 5. Let c(h) = -3*p(h) + 8*t(h). What are the prime factors of c(1)?
7
Suppose 3*o + 27 = -6. Let c be (-2)/o + 20/11. List the prime factors of 18/c - 2/1.
7
Let f = 44 + -13. Let u = -22 + f. What are the prime factors of u?
3
Let l(s) = 7*s + 32. What are the prime factors of l(10)?
2, 3, 17
Let u = -32 + 54. What are the prime factors of u?
2, 11
Let d = 40 + -29. Suppose -3*i + 4 = -d. What are the prime factors of i?
5
What are the prime factors of (-1 - -3)/((-1)/(-34))?
2, 17
Let k(a) = a**3 - a**2 - 6*a + 3. What are the prime factors of k(4)?
3
Let n(k) = -k**3 - 4*k**2 - 9*k + 5. List the prime factors of n(-6).
131
Suppose -4 = -2*h + 2*x, 5*h - 3*x + 2*x - 18 = 0. Suppose h*o - 97 = -5*s, 0 = 2*o - 3*o + 4*s - 2. List the prime factors of o.
2, 3
Let p = 25 - -39. List the prime factors of p.
2
Let z(b) = 5*b - 4. List the prime factors of z(9).
41
What are the prime factors of ((-17)/3)/((-7)/63)?
3, 17
Suppose -i + 5*r = -59, i + 5*r + 0*r - 9 = 0. What are the prime factors of i?
2, 17
Let f be (0/2 - 1) + 3. Suppose -f*k - 142 = -4*o - 3*k, 0 = -o - 4*k + 43. What are the prime factors of o?
5, 7
Let b(a) = -a**3 + 10*a**2 + 10. List the prime factors of b(9).
7, 13
Suppose -6*t = 6*t - 2088. What are the prime factors of t?
2, 3, 29
Suppose -4*r + 2112 = 7*r. What are the prime factors of r?
2, 3
Let m(c) = c**2 - 11*c. Let g = 8 - -4. What are the prime factors of m(g)?
2, 3
Let l(j) = -j**2 + 14*j - 7. What are the prime factors of l(9)?
2, 19
Let y(n) = -n**3 - 4*n**2 + 3*n - 7. Let b be y(-5). Suppose -2*i + a = i - 4, -a = b*i + 4. Suppose -g = -i*g - 12. What are the prime factors of g?
2, 3
Suppose 120 = -f + 5*f. Suppose 3*l - l + f = 0. Let r = -8 - l. List the prime factors of r.
7
Let w be (-1 + 0)*1 + 0. Let v be 86/10 - 15/25. List the prime factors of w/4 - (-58)/v.
7
Let r be -1 - ((-1)/1)/(-1). Let d = r + 14. List the prime factors of d.
2, 3
Suppose 9 - 3 = 3*h. Let g(f) = f**3 - 2*f**2 + 4*f - 3. List the prime factors of g(h).
5
Suppose 2*q = 3*j - 4 - 11, -5*j + 15 = 0. Let l = q + 12. List the prime factors of l.
3
Let l = -5 + 6. List the prime factors of ((-10)/(-4))/(l/4).
2, 5
Let a(n) = 2*n - 1. Let c be a(2). Let l(p) = -c - 3*p + 0*p - 6. List the prime factors of l(-7).
2, 3
Suppose -25*u = -16*u - 3150. List the prime factors of u.
2, 5, 7
What are the prime factors of 14/42 - (-458)/3?
3, 17
Let t(o) = -o**3 + o - 6. Let u be t(0). What are the prime factors of u/(-4) + 29/2?
2
Let h = 5 - 3. Suppose 0*f + f - 3*p = 54, -3*f + 162 = 5*p. Suppose -4*r - 52 = 3*c - 7*c, f = 4*c - h*r. List the prime factors of c.
2, 7
Let x(t) = t**2 - 4*t. Let b(v) = -v**3 + 9*v**2 - 6*v - 10. Let h be b(8). Let w be x(h). Suppose 5*z = w + 8. What are the prime factors of z?
2
Let s be 1*2*12/(-8). Let n(u) = -4*u. Let k be n(s). Let j = 0 + k. List the prime factors of j.
2, 3
Let d(h) = 7*h**3 - 2*h**2 - h + 2. Let n be d(2). Let f = 90 - n. Let x = f - 30. What are the prime factors of x?
2, 3
Let t = -19 - -38. List the prime factors of t.
19
Let o(q) = -6*q + 3. Let f(c) = 7*c - 2. Let m be (1/(-1)*10)/(-2). Let n(s) = m*f(s) + 6*o(s). List the prime factors of n(0).
2
Suppose u = -u + 4, -196 = -4*p + 2*u. What are the prime factors of p?
2, 5
Let y(g) = g - 1. Let x be y(-4). Suppose 2*h = 4*h + m + 4, 2*h + 5*m = -12. Let r = h - x. What are the prime factors of r?
2
Let g(h) = 49*h. Let c be g(-3). List the prime factors of c/(-9) - 2/(-3).
17
Suppose 0 = -19*a + 14*a + 150. What are the prime factors of a?
2, 3, 5
Let i = -30 + 117. Suppose -5*y + 113 = 3*p, 3*p + 0*p = 3*y - i. List the prime factors of y.
5
Let y be (-14)/(-4)*(0 + 2). Let j(w) = -5 + w + 3 + 0 + 1. List the prime factors of j(y).
2, 3
List the prime factors of ((-4)/6*2)/((-7)/84).
2
Let q(g) = g**3 + 14*g**2 - 15*g - 1. Let b be q(-15). What are the prime factors of 0 + 9/(-3)*b?
3
Let k = -10 - -14. Suppose k*v + 17 = -23. Let q(w) = -w - 2. List the prime factors of q(v).
2
Let l(g) = -2*g**2 + 8*g - 1. Let r(o) = 3*o**2 - 9*o. Let n(p) = -4*l(p) - 3*r(p). Let y be n(-8). Let j = 32 + y. What are the prime factors of j?
2, 3
Suppose 4*q = 3 + 1. Let p be (-7 - -6) + 30/q. Let w = -11 + p. List the prime factors of w.
2, 3
Let o = -131 - -196. Suppose u - 3*w + 7*w = 10, 0 = 5*u + 5*w - o. What are the prime factors of u?
2, 7
Let l(r) = 2*r**2 - r + 18. What are the prime factors of l(-4)?
2, 3
Let t(c) be the first derivative of -c**3/3 - 6*c**2 - 8*c - 4. List the prime factors of t(-6).
2, 7
Suppose 0 = 3*o + 3*u - 18, -5*o + 2*u = -0*o - 2. Suppose -v + g - 18 = -o*v, -3*v + 42 = -3*g. List the prime factors of v.
2
Let g be 34 + ((-1)/1 - 2). Suppose -g = 4*p - 5*p. Suppose 3*v = 3*a - 2*a - 27, -p = -3*a - v. List the prime factors of a.
2, 3
Suppose -4*c - 20 = -9*c. Let j(f) = 13*f - 10. List the prime factors of j(c).
2, 3, 7
Let f(z) = -z**2 - 10*z + 15. Let t(s) = -s**3 + 2*s**2 - s + 1. Let q be t(3). List the prime factors of f(q).
2
Suppose 2*j - 628 = 4*n, -5*j + 3*n = -0*n - 1605. What are the prime factors of j?
2, 3
Let s be 2/4 - 3/(-2). Suppose s*r = 5*r. Suppose r = n - 4*n + 15. What are the prime factors of n?
5
Suppose 0 = -t + 4*x + 111, 222 = -3*t + 5*t + 4*x. What are the prime factors of t?
3, 37
Let l be (-1 - -4)*1 + -1. Let h(w) = 1 - 2*w + 3*w**2 + 0 - l*w**2. What are the prime factors of h(4)?
3
Suppose -2*g = -3*g + 6. What are the prime factors of 26/7 + g/21?
2
What are the prime factors of ((-8)/14 - 676/42)*-3?
2, 5
Let i = 16 - -23. What are the prime factors of i?
3, 13
Suppose 0*y - 5*i = y + 21, 23 = -3*y - 5*i. What are the prime factors of 14*2*y/(-2)?
2, 7
Suppose 5*d - n - 15 = -0, -4*d - 5*n = -41. Suppose 0 = b + b + d. List the prime factors of b/(-3) - (-4)/3.
2
Suppose -1 = -2*f + 15. Suppose m + f = 4*j, -2*j + 4 = -m - 2*m. Suppose m = 5*q - 48 - 7. What are the prime factors of q?
11
Let i = 9 - 5. Let y(z) = -i*z - z + 3*z. List the prime factors of y(-4).
2
Suppose -64 = -4*b - 0*b. Suppose v = -2*h + 12, -4*v + 4*h = -2*v + b. Suppose -v*y + 16 = 2*y. What are the prime factors of y?
2
Let q be 1/((12/99)/4). Suppose l + 5*u = -24, 0 = 2*l + 4*u - 9 + q. Let j = l - -8. What are the prime factors o